
Let f(j) = 7*j**2 + j + 26. Determine f(0).
26
Let a(w) = -5*w + 10. What is a(3)?
-5
Let d(h) = 36*h**3 + h**2 + h + 1. Calculate d(-1).
-35
Let r(b) = 5*b**2 + 2*b + 4. What is r(-2)?
20
Let w(k) = -k**2 + 9*k - 14. Calculate w(8).
-6
Let r(x) = -x**3 - 4*x**2 - 3*x. Give r(-2).
-2
Let w(y) = y**2 - y - 50. Give w(0).
-50
Let z(b) = b**3 + 13*b**2 - 32*b + 14. Determine z(-15).
44
Let n(z) = z - 13. Give n(0).
-13
Let o(v) = -45*v**2 + 2*v + 1. Determine o(-1).
-46
Let o(l) = l**3 + 10*l**2 - 23*l + 8. Determine o(-12).
-4
Let u(t) = t**2 + 13*t + 13. Give u(-12).
1
Let o(k) = k**2 + 23*k - 10. Determine o(-22).
-32
Let a(r) = -r**2 + 14*r - 14. Determine a(12).
10
Let t(x) = -x**2 - 12*x - 4. Give t(-11).
7
Let b(u) = u**3 - 10*u**2 + 9*u - 1. Determine b(9).
-1
Let a(p) = 5*p**3 + 2*p**2 - 1. Determine a(1).
6
Let i(o) = 2*o + 12. Determine i(11).
34
Let c(b) = 9*b**3 + b**2 - b + 2. Give c(-2).
-64
Let i(s) = -2*s**3 + 6*s**2 + 8*s - 6. Calculate i(5).
-66
Let w(i) = 2*i - 25. Calculate w(4).
-17
Let u(m) = m**2 - 359. Calculate u(19).
2
Let s(t) = -20*t**3 - 3*t - 4. What is s(-1)?
19
Let c(g) = -16*g + 3. Calculate c(-1).
19
Let h(p) = -p**3 - 9*p**2 - p - 247. Calculate h(-11).
6
Let q(l) = -6*l + 169. Give q(30).
-11
Let c(z) = z + 39. What is c(6)?
45
Let o(q) = 3*q**2 + 10*q + 9. What is o(-7)?
86
Let c(k) = k**2 - 3*k. What is c(2)?
-2
Let v(y) = y**2 - 23*y + 48. Give v(24).
72
Let r(z) = 4*z - 27. Calculate r(-15).
-87
Let k(y) = 10*y + 35. Determine k(-8).
-45
Let i(f) = -3*f - 13. Give i(-17).
38
Let u(j) = -22*j + 51. What is u(3)?
-15
Let q(s) = -2*s**3 + 2*s**2 - 6*s + 13. Calculate q(2).
-7
Let k(h) = -h**2 - 7*h - 7. Give k(-6).
-1
Let q(b) = -b**2 + 11*b - 5. Determine q(11).
-5
Let w(p) = p - 9. What is w(5)?
-4
Let a(s) = -s**3 + 11*s**2 - 17*s + 26. Calculate a(9).
35
Let q(x) = 22*x - 276. Calculate q(12).
-12
Let f(w) = -2*w + 36. Determine f(19).
-2
Let o(x) = 2*x + 3. Calculate o(-5).
-7
Let k(m) = -m**2 + 9*m - 8. Give k(11).
-30
Let p(i) = -i**3 - 10*i**2 + 9*i - 17. Determine p(-11).
5
Let u(b) = b**3 + 6*b**2 + 10*b + 31. What is u(-5)?
6
Let s(o) = 2*o**2 - 13*o - 9. Determine s(7).
-2
Let c(l) = 20*l - 51. Calculate c(6).
69
Let b(d) = -74*d + 5. Determine b(-1).
79
Let f(z) = -z**2 - 21*z - 88. What is f(-8)?
16
Let j(c) = 7*c - 55. Determine j(13).
36
Let v(r) = 26*r**2 - 365*r + 16. What is v(14)?
2
Let i(k) = -46*k + 504. What is i(11)?
-2
Let i(b) = 13*b - 327. What is i(26)?
11
Let n(p) = -2*p**2 + p + 9. Determine n(-3).
-12
Let j(x) = x**3 + 8*x**2 - x - 5. Calculate j(-8).
3
Let w(b) = 19*b - 10. Give w(5).
85
Let s(b) = 2*b + 1. What is s(2)?
5
Let t(n) = -n**3 - 4*n**2 + 3*n. Give t(2).
-18
Let l(k) = -11*k - 21. Give l(-2).
1
Let o(i) = 2*i**2 - 2*i + 1. What is o(-2)?
13
Let u(s) = -s**3 + 8*s**2 - 7*s - 9. Give u(7).
-9
Let x(a) = -3*a - 6. What is x(0)?
-6
Let q(r) = 7*r + 2. What is q(-1)?
-5
Let k(y) = -y**2 - 4*y - 20. What is k(0)?
-20
Let m(s) = -s**2 - 10*s + 1. Calculate m(-9).
10
Let r(u) = -u**3 + 22*u**2 - 24*u - 23. What is r(21)?
-86
Let l(j) = -j**3 - 18*j**2 - 49*j - 60. What is l(-15)?
0
Let t(b) = -5*b**2 + 10*b - 5. Give t(4).
-45
Let y(a) = -4*a - 7. What is y(-7)?
21
Let i(z) = z**2 - 25*z + 8. What is i(22)?
-58
Let u(h) = 15*h - 1. Calculate u(2).
29
Let w(g) = -10*g - 33. Give w(-6).
27
Let w(z) = z**3 - 6*z**2 - 11. Calculate w(6).
-11
Let k(l) = l**3 + 10*l**2 + 20*l + 36. Give k(-8).
4
Let q(n) = -17*n - 71. Determine q(-9).
82
Let c(a) = 15*a - 33. Give c(-2).
-63
Let i(a) = a**3 + 6*a**2 - 17*a - 4. Determine i(-8).
4
Let o(b) = -b**2 - 5*b - 7. Determine o(0).
-7
Let q(g) = g**3 - 7*g**2 + 6*g + 2. Give q(6).
2
Let a(w) = w**3 + 2*w**2 - 3*w + 1. What is a(1)?
1
Let z(h) = h**3 - 14*h**2 + 13*h - 1. What is z(13)?
-1
Let i(j) = j**2 + 27*j + 140. What is i(-20)?
0
Let i(x) = -x. What is i(0)?
0
Let y(l) = 4*l**2 + l - 1. Determine y(-2).
13
Let m(v) = 9*v - 1. Give m(-5).
-46
Let n(r) = -6*r + 1. What is n(-2)?
13
Let z(x) = -x**2 - 9*x - 1. Determine z(-6).
17
Let b(o) = o**2 - 6*o - 22. What is b(9)?
5
Let r(c) = c**2 + 8*c + 13. Determine r(-9).
22
Let m(t) = t**2 - 17*t + 13. Calculate m(17).
13
Let y(p) = -p**2 + 3*p + 11. Determine y(-5).
-29
Let g(r) = r**3 - 10*r**2 + 2*r - 13. Give g(10).
7
Let q(u) = u**3 - 7*u**2 + 9*u - 14. Determine q(6).
4
Let l(q) = -q**3 - q**2 - 27. Determine l(0).
-27
Let q(r) = r - 10. What is q(8)?
-2
Let o(v) = -6*v - 5. Give o(6).
-41
Let g(s) = s**3 + 32*s**2 - 2*s - 60. What is g(-32)?
4
Let y(n) = 3*n**3 + 4*n**2 + 6*n + 3. What is y(-2)?
-17
Let m(n) = -n**3 + 4*n**2 - 3*n + 10. Give m(4).
-2
Let a(f) = -38*f - 225. What is a(-6)?
3
Let l(u) = -2*u**2 + 7*u - 6. What is l(2)?
0
Let z(i) = -5*i + 10. Give z(13).
-55
Let o(f) = -f**3 - 4*f**2 + 21*f + 2. Determine o(-7).
2
Let p(a) = -2*a**2 + 2*a - 137. Give p(0).
-137
Let a(s) = 10*s - 250. What is a(27)?
20
Let b(h) = h**3 - 8*h**2 + 2*h + 8. Give b(8).
24
Let g(z) = z**2 - 17*z + 24. Give g(18).
42
Let h(s) = -s**2 - 14*s + 33. Give h(-17).
-18
Let z(y) = -y**3 - 5*y**2 + 2. What is z(-5)?
2
Let x(m) = 13*m - 26. Give x(12).
130
Let z(j) = j**2 + j - 8. Calculate z(0).
-8
Let a(d) = 8*d + 62. Determine a(-8).
-2
Let c(f) = 20*f + 2. Calculate c(-4).
-78
Let k(l) = l - 10. Determine k(11).
1
Let u(b) = -b**2 + 12*b - 20. Calculate u(9).
7
Let y(q) = q**3 - 7*q**2 - 13*q - 13. Give y(8).
-53
Let m(k) = -4*k + 40. What is m(10)?
0
Let u(l) = 9*l - 54. Calculate u(6).
0
Let m(j) = j + 10. Give m(4).
14
Let l(o) = 2*o**2 + 7*o - 22. What is l(-6)?
8
Let y(k) = -k**3 - 17*k**2 - 13*k - 11. Determine y(-16).
-59
Let r(h) = h**2 + 2*h + 5. Calculate r(0).
5
Let m(r) = -7*r - 1. Calculate m(5).
-36
Let i(j) = -2*j**2 - 3*j + 59. Give i(5).
-6
Let p(f) = 30*f**3 + 4*f**2 + 4*f + 2. Give p(-1).
-28
Let d(m) = m**3 - 9*m**2 - m + 19. Determine d(9).
10
Let x(n) = -n**2 - 11*n - 14. Give x(-10).
-4
Let r(q) = -q**3 - 12*q**2 - 13*q - 7. Give r(-11).
15
Let i(w) = 9*w**2 - 5*w - 2. Calculate i(-3).
94
Let g(t) = t**3 + 16*t**2 - 14*t + 53. Determine g(-17).
2
Let u(i) = -6*i - 9. What is u(1)?
-15
Let r(w) = -w - 14. Give r(4).
-18
Let l(y) = 4*y - 8. What is l(-9)?
-44
Let s(y) = y**3 + 14*y**2 + 12*y + 12. Give s(-13).
25
Let t(w) = w**2 + 10*w - 11. What is t(-8)?
-27
Let z(d) = -d - 6. What is z(9)?
-15
Let r(x) = 8*x**3 + 2*x**2 - 3*x - 4. Give r(-2).
-54
Let x(j) = 26*j. Determine x(1).
26
Let p(v) = v**3 - 5*v**2 - 4*v + 5. What is p(6)?
17
Let y(a) = -a + 2. Give y(-5).
7
Let d(y) = y**3 - 2*y**2 + y + 2. Calculate d(2).
4
Let l(w) = 3*w**2 - 165*w - 169. Determine l(56).
-1
Let n(i) = -i**3 - 6*i**2 - 3*i - 22. What is n(-6)?
-4
Let k(u) = -13*u + 60. Determine k(5).
-5
Let z(d) = 10*d**3 + d**2 - 5*d - 4. Calculate z(-1).
-8
Let d(q) = -8*q + 5. Give d(3).
-19
Let j(q) = -11*q - 27. Determine j(-5).
28
Let p(g) = 45*g - 129. Give p(3).
6
Let q(x) = -x**3 + 5*x**2 - x - 15. What is q(5)?
-20
Let z(l) = -4*l - 2. Calculate z(-1).
2
Let z(h) = 11*h**2 + 2*h + 3. Calculate z(-1).
12
Let b(j) = 11*j + 207. Calculate b(-19).
-2
Let p(y) = 13*y + 56. Determine p(-4).
4
Let b(t) = -t**2 + 4*t - 16. What is b(4)?
-16
Let r(p) = -p**3 + 5*p**2 - 6*p + 1. Calculate r(4).
-7
Let d(o) = 9*o**3 + o. Give d(-1).
-10
Let j(n) = n**2 - 13*n + 6. Determine j(9).
-30
Let p(h) = -h**2 - 19*h + 57. Give p(-23).
-35
Let j(t) = 14*t + 88. What is j(-9)?
-38
Let a(r) = r + 27. Determine a(-20).
7
Let l(q) = -4*q + 12. What is l(-4)?
28
Let v(r) = r**2 - 18*r - 72. Determine v(21).
-9
Let q(o) = -o**3 - 15*o**2 + 15*o - 33. Give q(-16).
-17
Let o(q) = q**3 - 14*q**2 + 14*q - 10. What is o(13)?
3
Let a(x) = -4*x + 1. Determine a(-3).
13
Let y(b) = 9*b - 33. Calculate y(5).
12
Let l(q) = q**3 + 5*q**2 + 6*q + 7. Determine l(-4).
-1
Let x(i) = 15*i + 24. Determine x(-8).
-96
Let t(z) = -4*z - 48. Give t(-14).
8
Let c(y) = y**2 - 6*y - 12. Give c(0).
-12
Let g(p) = -p + 3. Give g(-24).
27
Let f(z) = -3*z**3 + 4*z**2 - z - 2. What is f(2)?
-12
Let x(q) = -q**3 + 33*q**2 - 2*q + 52. Determine x(33).
-14
Let g(x) = -x**2 - 3*x + 2. What is g(-6)?
-16
Let h(k) = -5*k**3 + 3*k**2 - k. What is h(2)?
-30
Let f(x) = -70*x + 1113. Give f(16).
-7
Let w(f) = 20*f + 117. Calculate w(-6).
-3
Let u(d) = -33*d - 2